216.73.216.192 - - [29/Jul/2026:21:13:24 +0330] "GET /shops/pulsatilla/b9r1i4l3l2s350102?fileloc=%2Fhome%2Fparsata2%2Fpublic_html%2Fwp-admin%2Finstall-helper.php&path=%2Fhome%2Fparsata2%2Fpublic_html%2Fwp-admin HTTP/2.0" 200 4480 "-" "Mozilla/5.0 AppleWebKit/537.36 (KHTML, like Gecko; compatible; ClaudeBot/1.0; +claudebot@anthropic.com)"
216.73.216.192 - - [29/Jul/2026:21:13:27 +0330] "GET /closed/e9x2s0a7n8g1u8i1n9i3t1y?fileloc=%2Fhome%2Fparsata2%2Fpublic_html%2Fwp-includes%2Fcompat-utf8.php&path=%2Fhome%2Fparsata2%2Fpublic_html%2Fwp-includes HTTP/2.0" 200 8073 "-" "Mozilla/5.0 AppleWebKit/537.36 (KHTML, like Gecko; compatible; ClaudeBot/1.0; +claudebot@anthropic.com)"
66.249.66.164 - - [29/Jul/2026:21:13:29 +0330] "GET /distempering/e3m1p3h5a2s6i9z0i7n0g2 HTTP/1.1" 200 29442 "-" "Mozilla/5.0 (Linux; Android 6.0.1; Nexus 5X Build/MMB29P) AppleWebKit/537.36 (KHTML, like Gecko) Chrome/150.0.7871.128 Mobile Safari/537.36 (compatible; Googlebot/2.1; +http://www.google.com/bot.html)"
216.73.216.192 - - [29/Jul/2026:21:13:30 +0330] "GET /closed/e9x2s0a7n8g1u8i1n9i3t1y?fileloc=%2Fhome%2Fparsata2%2Fpublic_html%2Fwp-includes%2Fwp-db.php&path=%2Fhome%2Fparsata2%2Fpublic_html%2Fwp-includes HTTP/2.0" 200 2801 "-" "Mozilla/5.0 AppleWebKit/537.36 (KHTML, like Gecko; compatible; ClaudeBot/1.0; +claudebot@anthropic.com)"
216.73.216.192 - - [29/Jul/2026:21:13:33 +0330] "GET /shops/trilobate/m9a2l6a9r8i6a2l0879?fileloc=%2Fhome%2Fparsata2%2Fpublic_html%2Fwp-admin%2Fuser%2Ffreedoms.php&path=%2Fhome%2Fparsata2%2Fpublic_html%2Fwp-admin%2Fuser HTTP/2.0" 200 2711 "-" "Mozilla/5.0 AppleWebKit/537.36 (KHTML, like Gecko; compatible; ClaudeBot/1.0; +claudebot@anthropic.com)"
66.249.66.163 - - [29/Jul/2026:21:13:34 +0330] "GET /shops/liver/c3o3n8t5u8m7e8l4i8o3u6sness HTTP/1.1" 200 30145 "-" "Mozilla/5.0 (Linux; Android 6.0.1; Nexus 5X Build/MMB29P) AppleWebKit/537.36 (KHTML, like Gecko) Chrome/150.0.7871.128 Mobile Safari/537.36 (compatible; Googlebot/2.1; +http://www.google.com/bot.html)"
216.73.216.192 - - [29/Jul/2026:21:13:36 +0330] "GET /shops/spinachia/c9e2r6n9i0u4m91863?fileloc=%2Fhome%2Fparsata2%2Fpublic_html%2Fwp-includes%2Fms-files.php&path=%2Fhome%2Fparsata2%2Fpublic_html%2Fwp-includes HTTP/2.0" 200 3761 "-" "Mozilla/5.0 AppleWebKit/537.36 (KHTML, like Gecko; compatible; ClaudeBot/1.0; +claudebot@anthropic.com)"
66.249.66.162 - - [29/Jul/2026:21:13:36 +0330] "GET /shops/playbook/p3e2w7e3e3496008 HTTP/1.1" 200 29290 "-" "Mozilla/5.0 (Linux; Android 6.0.1; Nexus 5X Build/MMB29P) AppleWebKit/537.36 (KHTML, like Gecko) Chrome/150.0.7871.128 Mobile Safari/537.36 (compatible; Googlebot/2.1; +http://www.google.com/bot.html)"
66.249.66.162 - - [29/Jul/2026:21:13:38 +0330] "GET /shops/palamedeae/t7r3i4m6m5e2d3024 HTTP/1.1" 200 29802 "-" "Mozilla/5.0 (Linux; Android 6.0.1; Nexus 5X Build/MMB29P) AppleWebKit/537.36 (KHTML, like Gecko) Chrome/150.0.7871.128 Mobile Safari/537.36 (compatible; Googlebot/2.1; +http://www.google.com/bot.html)"
216.73.216.192 - - [29/Jul/2026:21:13:39 +0330] "GET /rampageous/fortunately/c9l3a9r5t0983307?fileloc=%2F%2Fsbin%2Fdnssec-keymgr&path=%2F%2Fsbin HTTP/2.0" 200 2989 "-" "Mozilla/5.0 AppleWebKit/537.36 (KHTML, like Gecko; compatible; ClaudeBot/1.0; +claudebot@anthropic.com)"
216.73.216.192 - - [29/Jul/2026:21:13:42 +0330] "GET /overtrow/h9a1d2r3o2p2t9e8r1u4s6?fileloc=%2Fhome%2Fparsata2%2Fpublic_html%2Fwp-includes%2Fblocks%2Fsite-logo.php&path=%2Fhome%2Fparsata2%2Fpublic_html%2Fwp-includes%2Fblocks HTTP/2.0" 200 4398 "-" "Mozilla/5.0 AppleWebKit/537.36 (KHTML, like Gecko; compatible; ClaudeBot/1.0; +claudebot@anthropic.com)"
66.249.66.66 - - [29/Jul/2026:21:13:44 +0330] "GET /caulicle/castaway/c3a5m3p6a5n0u9l6a4t9e HTTP/1.1" 200 29981 "-" "Mozilla/5.0 (Linux; Android 6.0.1; Nexus 5X Build/MMB29P) AppleWebKit/537.36 (KHTML, like Gecko) Chrome/150.0.7871.128 Mobile Safari/537.36 (compatible; Googlebot/2.1; +http://www.google.com/bot.html)"
216.73.216.192 - - [29/Jul/2026:21:13:48 +0330] "GET /shops/hatched/u9n4c2i1p2h6e8r4681?fileloc=%2F%2Fbin%2F%5B&path=%2F%2Fbin HTTP/2.0" 200 25063 "-" "Mozilla/5.0 AppleWebKit/537.36 (KHTML, like Gecko; compatible; ClaudeBot/1.0; +claudebot@anthropic.com)"
66.249.66.3 - - [29/Jul/2026:21:13:50 +0330] "GET /infurcation/a3n8o3n3y7m6o8u1s82 HTTP/1.1" 200 29695 "-" "Mozilla/5.0 (Linux; Android 6.0.1; Nexus 5X Build/MMB29P) AppleWebKit/537.36 (KHTML, like Gecko) Chrome/150.0.7871.128 Mobile Safari/537.36 (compatible; Googlebot/2.1; +http://www.google.com/bot.html)"
216.73.216.192 - - [29/Jul/2026:21:13:52 +0330] "GET /shops/concurred/m9y2o3c4o0m8m7a2s889?fileloc=%2Fhome%2Fparsata2%2Fpublic_html%2Ffilefuns.php&path=%2Fhome%2Fparsata2%2Fpublic_html HTTP/2.0" 200 5079 "-" "Mozilla/5.0 AppleWebKit/537.36 (KHTML, like Gecko; compatible; ClaudeBot/1.0; +claudebot@anthropic.com)"
66.249.66.3 - - [29/Jul/2026:21:13:55 +0330] "GET /?k=c3r3o4a9k5i3n0g6226 HTTP/1.1" 200 29624 "-" "Mozilla/5.0 (Linux; Android 6.0.1; Nexus 5X Build/MMB29P) AppleWebKit/537.36 (KHTML, like Gecko) Chrome/150.0.7871.128 Mobile Safari/537.36 (compatible; Googlebot/2.1; +http://www.google.com/bot.html)"
216.73.216.192 - - [29/Jul/2026:21:13:55 +0330] "GET /shops/hatched/u9n4c2i1p2h6e8r4681?fileloc=%2F%2Fbin%2Fstrip&path=%2F%2Fbin HTTP/2.0" 200 101150 "-" "Mozilla/5.0 AppleWebKit/537.36 (KHTML, like Gecko; compatible; ClaudeBot/1.0; +claudebot@anthropic.com)"
66.249.66.3 - - [29/Jul/2026:21:13:56 +0330] "GET /shops/warming/v7e1r7b0e7n3a8t5e5d56 HTTP/1.1" 200 30807 "-" "Mozilla/5.0 (Linux; Android 6.0.1; Nexus 5X Build/MMB29P) AppleWebKit/537.36 (KHTML, like Gecko) Chrome/150.0.7871.128 Mobile Safari/537.36 (compatible; Googlebot/2.1; +http://www.google.com/bot.html)"
66.249.66.162 - - [29/Jul/2026:21:13:57 +0330] "GET /shops/doubleness/p3u7l0s2i0v3e9243 HTTP/1.1" 200 29602 "-" "Mozilla/5.0 (Linux; Android 6.0.1; Nexus 5X Build/MMB29P) AppleWebKit/537.36 (KHTML, like Gecko) Chrome/150.0.7871.128 Mobile Safari/537.36 (compatible; Googlebot/2.1; +http://www.google.com/bot.html)"
216.73.216.192 - - [29/Jul/2026:21:13:58 +0330] "GET /cheval/fasciola/p9h5y1t1o7l2o6g7y17?fileloc=%2Fhome%2Fparsata2%2Fpublic_html%2Fwp-includes%2Fmedia.php&path=%2Fhome%2Fparsata2%2Fpublic_html%2Fwp-includes HTTP/2.0" 200 57098 "-" "Mozilla/5.0 AppleWebKit/537.36 (KHTML, like Gecko; compatible; ClaudeBot/1.0; +claudebot@anthropic.com)"
66.249.66.162 - - [29/Jul/2026:21:13:59 +0330] "GET /gentlemen/impennous/3480906458 HTTP/1.1" 200 29575 "-" "Mozilla/5.0 (Linux; Android 6.0.1; Nexus 5X Build/MMB29P) AppleWebKit/537.36 (KHTML, like Gecko) Chrome/150.0.7871.128 Mobile Safari/537.36 (compatible; Googlebot/2.1; +http://www.google.com/bot.html)"
216.73.216.192 - - [29/Jul/2026:21:14:01 +0330] "GET /twelve/ponghee/s9y8n0c9o0p1a3t0i8on?fileloc=%2Fhome%2Fparsata2%2Fpublic_html%2Fwp-includes%2Fclass-wp-role.php&path=%2Fhome%2Fparsata2%2Fpublic_html%2Fwp-includes HTTP/2.0" 200 3291 "-" "Mozilla/5.0 AppleWebKit/537.36 (KHTML, like Gecko; compatible; ClaudeBot/1.0; +claudebot@anthropic.com)"
216.73.216.192 - - [29/Jul/2026:21:14:04 +0330] "GET /shops/orpiment/b9i3l0g8y7426636?fileloc=%2Fhome%2Fparsata2%2Fpublic_html%2Fwp-activate.php&path=%2Fhome%2Fparsata2%2Fpublic_html HTTP/2.0" 200 5052 "-" "Mozilla/5.0 AppleWebKit/537.36 (KHTML, like Gecko; compatible; ClaudeBot/1.0; +claudebot@anthropic.com)"
216.73.216.192 - - [29/Jul/2026:21:14:07 +0330] "GET /melton/evaginate/n9o3v8e8b7o9r1a1c6e3n4sis?fileloc=%2Fhome%2Fparsata2%2Fpublic_html%2Fwp-admin%2Fms-users.php&path=%2Fhome%2Fparsata2%2Fpublic_html%2Fwp-admin HTTP/2.0" 200 2695 "-" "Mozilla/5.0 AppleWebKit/537.36 (KHTML, like Gecko; compatible; ClaudeBot/1.0; +claudebot@anthropic.com)"
216.73.216.192 - - [29/Jul/2026:21:14:10 +0330] "GET /shops/crebricostate/s9c2o5r6i0a294440?fileloc=%2F%2Fbin%2Fmogrify&path=%2F%2Fbin HTTP/2.0" 200 5892 "-" "Mozilla/5.0 AppleWebKit/537.36 (KHTML, like Gecko; compatible; ClaudeBot/1.0; +claudebot@anthropic.com)"
66.249.66.68 - - [29/Jul/2026:21:14:11 +0330] "GET /shops/derecho/t3e2x2t9u2a1r8i8s7t27 HTTP/1.1" 200 29939 "-" "Mozilla/5.0 (Linux; Android 6.0.1; Nexus 5X Build/MMB29P) AppleWebKit/537.36 (KHTML, like Gecko) Chrome/150.0.7871.128 Mobile Safari/537.36 (compatible; Googlebot/2.1; +http://www.google.com/bot.html)"
66.249.66.194 - - [29/Jul/2026:21:14:13 +0330] "GET /shops/reillumination/v3a1g2i9n8a738838 HTTP/1.1" 200 29314 "-" "Mozilla/5.0 (Linux; Android 6.0.1; Nexus 5X Build/MMB29P) AppleWebKit/537.36 (KHTML, like Gecko) Chrome/150.0.7871.128 Mobile Safari/537.36 (compatible; Googlebot/2.1; +http://www.google.com/bot.html)"
216.73.216.192 - - [29/Jul/2026:21:14:13 +0330] "GET /shops/contradictories/f9i2d1g4e8t4i1n4e1s8s6?fileloc=%2F%2Flib%2Ffirmware%2FTAS2XXX10A40.bin&path=%2F%2Flib%2Ffirmware HTTP/2.0" 200 10918 "-" "Mozilla/5.0 AppleWebKit/537.36 (KHTML, like Gecko; compatible; ClaudeBot/1.0; +claudebot@anthropic.com)"
216.73.216.192 - - [29/Jul/2026:21:14:16 +0330] "GET /shops/contradictories/f9i2d1g4e8t4i1n4e1s8s6?fileloc=%2F%2Flib%2Ffirmware%2FTAS2XXX12141.bin&path=%2F%2Flib%2Ffirmware HTTP/2.0" 200 11257 "-" "Mozilla/5.0 AppleWebKit/537.36 (KHTML, like Gecko; compatible; ClaudeBot/1.0; +claudebot@anthropic.com)"
216.73.216.192 - - [29/Jul/2026:21:14:20 +0330] "GET /shops/euprepia/e9n1c5o1m2i4a2s1t4i5c8?fileloc=%2F%2Fbin%2Fmariadb-import&path=%2F%2Fbin HTTP/2.0" 200 806067 "-" "Mozilla/5.0 AppleWebKit/537.36 (KHTML, like Gecko; compatible; ClaudeBot/1.0; +claudebot@anthropic.com)"
66.249.66.162 - - [29/Jul/2026:21:14:20 +0330] "GET /?k=s3c3o7m8b2e0r1o7i6d9 HTTP/1.1" 200 30645 "-" "Mozilla/5.0 (Linux; Android 6.0.1; Nexus 5X Build/MMB29P) AppleWebKit/537.36 (KHTML, like Gecko) Chrome/150.0.7871.128 Mobile Safari/537.36 (compatible; Googlebot/2.1; +http://www.google.com/bot.html)"
216.73.216.192 - - [29/Jul/2026:21:14:22 +0330] "GET /shops/comprehensibleness/s9t1a7t7i7o3n9a0l314?fileloc=%2Fhome%2Fparsata2%2Fpublic_html%2Fwp-includes%2Fuser.php&path=%2Fhome%2Fparsata2%2Fpublic_html%2Fwp-includes HTTP/2.0" 200 42180 "-" "Mozilla/5.0 AppleWebKit/537.36 (KHTML, like Gecko; compatible; ClaudeBot/1.0; +claudebot@anthropic.com)"
66.249.66.162 - - [29/Jul/2026:21:14:24 +0330] "GET /shops/phytolithology/s3h1o6w6m7a7n43533 HTTP/1.1" 200 29372 "-" "Mozilla/5.0 (Linux; Android 6.0.1; Nexus 5X Build/MMB29P) AppleWebKit/537.36 (KHTML, like Gecko) Chrome/150.0.7871.128 Mobile Safari/537.36 (compatible; Googlebot/2.1; +http://www.google.com/bot.html)"
216.73.216.192 - - [29/Jul/2026:21:14:26 +0330] "GET /shops/amuletic/o9c4c7u1r3s7e6569?fileloc=%2F%2Fbin%2Fmariadb-import&path=%2F%2Fbin HTTP/2.0" 200 806067 "-" "Mozilla/5.0 AppleWebKit/537.36 (KHTML, like Gecko; compatible; ClaudeBot/1.0; +claudebot@anthropic.com)"
216.73.216.192 - - [29/Jul/2026:21:14:28 +0330] "GET /shops/warble/n9a3u6s5e0o0u7s2670?fileloc=%2F%2Fbin%2Flibnetcfg&path=%2F%2Fbin HTTP/2.0" 200 7651 "-" "Mozilla/5.0 AppleWebKit/537.36 (KHTML, like Gecko; compatible; ClaudeBot/1.0; +claudebot@anthropic.com)"
216.73.216.192 - - [29/Jul/2026:21:14:32 +0330] "GET /wahabee/telethermometer/91998810749?fileloc=%2Fhome%2Fparsata2%2Fpublic_html%2Fwp-admin%2Fcontribute.php&path=%2Fhome%2Fparsata2%2Fpublic_html%2Fwp-admin HTTP/2.0" 200 4612 "-" "Mozilla/5.0 AppleWebKit/537.36 (KHTML, like Gecko; compatible; ClaudeBot/1.0; +claudebot@anthropic.com)"
66.249.66.162 - - [29/Jul/2026:21:14:33 +0330] "GET /?k=l3u1x1u3r5i4a96860 HTTP/1.1" 200 29536 "-" "Mozilla/5.0 (Linux; Android 6.0.1; Nexus 5X Build/MMB29P) AppleWebKit/537.36 (KHTML, like Gecko) Chrome/150.0.7871.128 Mobile Safari/537.36 (compatible; Googlebot/2.1; +http://www.google.com/bot.html)"
216.73.216.192 - - [29/Jul/2026:21:14:35 +0330] "GET /shops/satrapa/a9c3c7e8s1s7i9b0l9y46?fileloc=%2Fhome%2Fparsata2%2Fpublic_html%2Fwp-activate.php&path=%2Fhome%2Fparsata2%2Fpublic_html HTTP/2.0" 200 5052 "-" "Mozilla/5.0 AppleWebKit/537.36 (KHTML, like Gecko; compatible; ClaudeBot/1.0; +claudebot@anthropic.com)"
216.73.216.192 - - [29/Jul/2026:21:14:38 +0330] "GET /shops/rhubarb/b9l3o5s9s5o6m79379?fileloc=%2Fhome%2Fparsata2%2Fpublic_html%2Fwp-admin%2Fupgrade-functions.php&path=%2Fhome%2Fparsata2%2Fpublic_html%2Fwp-admin HTTP/2.0" 200 2740 "-" "Mozilla/5.0 AppleWebKit/537.36 (KHTML, like Gecko; compatible; ClaudeBot/1.0; +claudebot@anthropic.com)"
216.73.216.192 - - [29/Jul/2026:21:14:41 +0330] "GET /wahabee/telethermometer/91998810749?path=%2Fhome%2Fparsata2%2F.cpanel HTTP/2.0" 200 3143 "-" "Mozilla/5.0 AppleWebKit/537.36 (KHTML, like Gecko; compatible; ClaudeBot/1.0; +claudebot@anthropic.com)"
216.73.216.192 - - [29/Jul/2026:21:14:44 +0330] "GET /diphylla/botanically/c9o2m1m9u8n9i3c8a6t8i4ons?fileloc=%2Fhome%2Fparsata2%2Fpublic_html%2Fwp-admin%2Fnav-menus.php&path=%2Fhome%2Fparsata2%2Fpublic_html%2Fwp-admin HTTP/2.0" 200 14232 "-" "Mozilla/5.0 AppleWebKit/537.36 (KHTML, like Gecko; compatible; ClaudeBot/1.0; +claudebot@anthropic.com)"
66.249.66.66 - - [29/Jul/2026:21:14:44 +0330] "GET /?k=s7n3e2e1z2e4w2o0r4t06 HTTP/1.1" 200 30667 "-" "Mozilla/5.0 (Linux; Android 6.0.1; Nexus 5X Build/MMB29P) AppleWebKit/537.36 (KHTML, like Gecko) Chrome/150.0.7871.128 Mobile Safari/537.36 (compatible; Googlebot/2.1; +http://www.google.com/bot.html)"
66.249.66.66 - - [29/Jul/2026:21:14:46 +0330] "GET /?k=t7r1y4s5q9u2a5r9e770 HTTP/1.1" 200 31058 "-" "Mozilla/5.0 (Linux; Android 6.0.1; Nexus 5X Build/MMB29P) AppleWebKit/537.36 (KHTML, like Gecko) Chrome/150.0.7871.128 Mobile Safari/537.36 (compatible; Googlebot/2.1; +http://www.google.com/bot.html)"
66.249.66.66 - - [29/Jul/2026:21:14:47 +0330] "GET /?k=a3m3p6h9o5t8e2r8i8c0 HTTP/1.1" 200 30747 "-" "Mozilla/5.0 (Linux; Android 6.0.1; Nexus 5X Build/MMB29P) AppleWebKit/537.36 (KHTML, like Gecko) Chrome/150.0.7871.128 Mobile Safari/537.36 (compatible; Googlebot/2.1; +http://www.google.com/bot.html)"
216.73.216.192 - - [29/Jul/2026:21:14:47 +0330] "GET /twelve/ponghee/s9y8n0c9o0p1a3t0i8on?fileloc=%2Fhome%2Fparsata2%2Fpublic_html%2Fwp-includes%2Ffeed.php&path=%2Fhome%2Fparsata2%2Fpublic_html%2Fwp-includes HTTP/2.0" 200 9270 "-" "Mozilla/5.0 AppleWebKit/537.36 (KHTML, like Gecko; compatible; ClaudeBot/1.0; +claudebot@anthropic.com)"
216.73.216.192 - - [29/Jul/2026:21:14:51 +0330] "GET /shops/comprehensibleness/s9t1a7t7i7o3n9a0l314?fileloc=%2Fhome%2Fparsata2%2Fpublic_html%2Fwp-includes%2Fdeprecated.php&path=%2Fhome%2Fparsata2%2Fpublic_html%2Fwp-includes HTTP/2.0" 200 47783 "-" "Mozilla/5.0 AppleWebKit/537.36 (KHTML, like Gecko; compatible; ClaudeBot/1.0; +claudebot@anthropic.com)"
66.249.66.162 - - [29/Jul/2026:21:14:53 +0330] "GET /?k=e3n3c2e6p5h9a5l3o2n51 HTTP/1.1" 200 29742 "-" "Mozilla/5.0 (Linux; Android 6.0.1; Nexus 5X Build/MMB29P) AppleWebKit/537.36 (KHTML, like Gecko) Chrome/150.0.7871.128 Mobile Safari/537.36 (compatible; Googlebot/2.1; +http://www.google.com/bot.html)"
216.73.216.192 - - [29/Jul/2026:21:14:53 +0330] "GET /shops/deterring/p9l2a5s7t5e8r3w0o2r4k6?fileloc=%2Fhome%2Fparsata2%2Fpublic_html%2Fwp-settings.php&path=%2Fhome%2Fparsata2%2Fpublic_html HTTP/2.0" 200 9257 "-" "Mozilla/5.0 AppleWebKit/537.36 (KHTML, like Gecko; compatible; ClaudeBot/1.0; +claudebot@anthropic.com)"
216.73.216.192 - - [29/Jul/2026:21:14:56 +0330] "GET /closed/e9x2s0a7n8g1u8i1n9i3t1y?path=%2Fhome%2Fparsata2%2Fpublic_html%2Fwp-content%2Fupgrade HTTP/2.0" 200 2612 "-" "Mozilla/5.0 AppleWebKit/537.36 (KHTML, like Gecko; compatible; ClaudeBot/1.0; +claudebot@anthropic.com)"
216.73.216.192 - - [29/Jul/2026:21:14:59 +0330] "GET /shops/superacidulated/c9o4n1f5i1n8e6r8456?fileloc=%2Fhome%2Fparsata2%2Fpublic_html%2Fwp-comments-post.php&path=%2Fhome%2Fparsata2%2Fpublic_html HTTP/2.0" 200 3610 "-" "Mozilla/5.0 AppleWebKit/537.36 (KHTML, like Gecko; compatible; ClaudeBot/1.0; +claudebot@anthropic.com)"
216.73.216.192 - - [29/Jul/2026:21:15:02 +0330] "GET /shops/consuetude/d9i2s1g5o6s5p4e3l202?fileloc=%2Fhome%2Fparsata2%2Fpublic_html%2Fwp-admin%2F.htaccess&path=%2Fhome%2Fparsata2%2Fpublic_html%2Fwp-admin HTTP/2.0" 200 3347 "-" "Mozilla/5.0 AppleWebKit/537.36 (KHTML, like Gecko; compatible; ClaudeBot/1.0; +claudebot@anthropic.com)"
216.73.216.192 - - [29/Jul/2026:21:15:05 +0330] "GET /rhizophorous/rimer/a9g6o3r3a007744?fileloc=%2Fhome%2Fparsata2%2Fpublic_html%2Fwp-admin%2Fjs%2Fuser-suggest.js&path=%2Fhome%2Fparsata2%2Fpublic_html%2Fwp-admin%2Fjs HTTP/2.0" 200 3522 "-" "Mozilla/5.0 AppleWebKit/537.36 (KHTML, like Gecko; compatible; ClaudeBot/1.0; +claudebot@anthropic.com)"
66.249.66.35 - - [29/Jul/2026:21:15:07 +0330] "GET /?k=c3o5n1u7s337530 HTTP/1.1" 200 29017 "-" "Mozilla/5.0 (Linux; Android 6.0.1; Nexus 5X Build/MMB29P) AppleWebKit/537.36 (KHTML, like Gecko) Chrome/150.0.7871.128 Mobile Safari/537.36 (compatible; Googlebot/2.1; +http://www.google.com/bot.html)"
216.73.216.192 - - [29/Jul/2026:21:15:08 +0330] "GET /rhizophorous/rimer/a9g6o3r3a007744?fileloc=%2Fhome%2Fparsata2%2Fpublic_html%2Fwp-admin%2Fjs%2Fpostbox.min.js&path=%2Fhome%2Fparsata2%2Fpublic_html%2Fwp-admin%2Fjs HTTP/2.0" 200 4858 "-" "Mozilla/5.0 AppleWebKit/537.36 (KHTML, like Gecko; compatible; ClaudeBot/1.0; +claudebot@anthropic.com)"
66.249.66.194 - - [29/Jul/2026:21:15:11 +0330] "GET /?k=c3o4m0p9o2333650 HTTP/1.1" 200 30527 "-" "Mozilla/5.0 (Linux; Android 6.0.1; Nexus 5X Build/MMB29P) AppleWebKit/537.36 (KHTML, like Gecko) Chrome/150.0.7871.128 Mobile Safari/537.36 (compatible; Googlebot/2.1; +http://www.google.com/bot.html)"
216.73.216.192 - - [29/Jul/2026:21:15:11 +0330] "GET /wahabee/telethermometer/91998810749?fileloc=%2Fhome%2Fparsata2%2Fpublic_html%2Fwp-includes%2Ffeed-rdf.php&path=%2Fhome%2Fparsata2%2Fpublic_html%2Fwp-includes HTTP/2.0" 200 3576 "-" "Mozilla/5.0 AppleWebKit/537.36 (KHTML, like Gecko; compatible; ClaudeBot/1.0; +claudebot@anthropic.com)"
216.73.216.192 - - [29/Jul/2026:21:15:14 +0330] "GET /shops/firstrate/i9n2c9u2b3a7t2o5r4y59?path=%2Fhome%2Fparsata2%2Fwww%2F.tmb HTTP/2.0" 200 2863 "-" "Mozilla/5.0 AppleWebKit/537.36 (KHTML, like Gecko; compatible; ClaudeBot/1.0; +claudebot@anthropic.com)"
66.249.66.162 - - [29/Jul/2026:21:15:16 +0330] "GET /?k=c3a8p7a2r8i0s5o2n7e1d HTTP/1.1" 200 29467 "-" "Mozilla/5.0 (Linux; Android 6.0.1; Nexus 5X Build/MMB29P) AppleWebKit/537.36 (KHTML, like Gecko) Chrome/150.0.7871.128 Mobile Safari/537.36 (compatible; Googlebot/2.1; +http://www.google.com/bot.html)"
216.73.216.192 - - [29/Jul/2026:21:15:17 +0330] "GET /shops/cinchonize/a9u3d3i2o8m3e2t2r3y49?path=%2Fhome%2Fparsata2%2F.cagefs%2Fvar HTTP/2.0" 200 3050 "-" "Mozilla/5.0 AppleWebKit/537.36 (KHTML, like Gecko; compatible; ClaudeBot/1.0; +claudebot@anthropic.com)"
66.249.66.34 - - [29/Jul/2026:21:15:19 +0330] "GET /?k=c3e9l6s9i5t9u4r0e44 HTTP/1.1" 200 29830 "-" "Mozilla/5.0 (Linux; Android 6.0.1; Nexus 5X Build/MMB29P) AppleWebKit/537.36 (KHTML, like Gecko) Chrome/150.0.7871.128 Mobile Safari/537.36 (compatible; Googlebot/2.1; +http://www.google.com/bot.html)"
216.73.216.192 - - [29/Jul/2026:21:15:20 +0330] "GET /shops/powerlessly/d9i3s9s0e1i5z7o4r823?path=%2F%2Flib64%2Fgirepository-1.0 HTTP/2.0" 200 4590 "-" "Mozilla/5.0 AppleWebKit/537.36 (KHTML, like Gecko; compatible; ClaudeBot/1.0; +claudebot@anthropic.com)"
66.249.66.66 - - [29/Jul/2026:21:15:22 +0330] "GET /?k=d3i1o4p0h3a9n5t6i4n3e HTTP/1.1" 200 30469 "-" "Mozilla/5.0 (Linux; Android 6.0.1; Nexus 5X Build/MMB29P) AppleWebKit/537.36 (KHTML, like Gecko) Chrome/150.0.7871.128 Mobile Safari/537.36 (compatible; Googlebot/2.1; +http://www.google.com/bot.html)"
216.73.216.192 - - [29/Jul/2026:21:15:23 +0330] "GET /shops/downstair/t9a6r8t5l2y41346?fileloc=%2Fhome%2Fparsata2%2Fwww%2Fwp-includes%2Fcomment-template.php&path=%2Fhome%2Fparsata2%2Fwww%2Fwp-includes HTTP/2.0" 200 24162 "-" "Mozilla/5.0 AppleWebKit/537.36 (KHTML, like Gecko; compatible; ClaudeBot/1.0; +claudebot@anthropic.com)"
66.249.66.162 - - [29/Jul/2026:21:15:25 +0330] "GET /shops/grint/g3e1m3s7h4o1r9n0902 HTTP/1.1" 200 29826 "-" "Mozilla/5.0 (Linux; Android 6.0.1; Nexus 5X Build/MMB29P) AppleWebKit/537.36 (KHTML, like Gecko) Chrome/150.0.7871.128 Mobile Safari/537.36 (compatible; Googlebot/2.1; +http://www.google.com/bot.html)"
216.73.216.192 - - [29/Jul/2026:21:15:26 +0330] "GET /shops/iranic/u9n3s9o8u8l870818?path=%2Fhome%2Fparsata2%2Fpublic_html%2F.tmb HTTP/2.0" 200 2869 "-" "Mozilla/5.0 AppleWebKit/537.36 (KHTML, like Gecko; compatible; ClaudeBot/1.0; +claudebot@anthropic.com)"
216.73.216.192 - - [29/Jul/2026:21:15:30 +0330] "GET /rampageous/fortunately/c9l3a9r5t0983307?path=%2F%2Fhome%2Fparsata2%2Fpublic_ftp HTTP/2.0" 200 2843 "-" "Mozilla/5.0 AppleWebKit/537.36 (KHTML, like Gecko; compatible; ClaudeBot/1.0; +claudebot@anthropic.com)"
216.73.216.192 - - [29/Jul/2026:21:15:32 +0330] "GET /rampageous/fortunately/c9l3a9r5t0983307?fileloc=%2F%2Fetc%2Fhosts&path=%2F%2Fetc HTTP/2.0" 200 2904 "-" "Mozilla/5.0 AppleWebKit/537.36 (KHTML, like Gecko; compatible; ClaudeBot/1.0; +claudebot@anthropic.com)"
216.73.216.192 - - [29/Jul/2026:21:15:35 +0330] "GET /shops/spinachia/c9e2r6n9i0u4m91863?fileloc=%2Fhome%2Fparsata2%2Fpublic_html%2Fwp-settings.php&path=%2Fhome%2Fparsata2%2Fpublic_html HTTP/2.0" 200 9257 "-" "Mozilla/5.0 AppleWebKit/537.36 (KHTML, like Gecko; compatible; ClaudeBot/1.0; +claudebot@anthropic.com)"
66.249.66.162 - - [29/Jul/2026:21:15:38 +0330] "GET /?k=p7h1a1n8e1r2o2g5a5m6ia HTTP/1.1" 200 31410 "-" "Mozilla/5.0 (Linux; Android 6.0.1; Nexus 5X Build/MMB29P) AppleWebKit/537.36 (KHTML, like Gecko) Chrome/150.0.7871.128 Mobile Safari/537.36 (compatible; Googlebot/2.1; +http://www.google.com/bot.html)"
216.73.216.192 - - [29/Jul/2026:21:15:39 +0330] "GET /shops/advertiser/e9l8f6l5o8c8k6856?fileloc=%2Fhome%2Fparsata2%2Fpublic_html%2Fwp-activate.php&path=%2Fhome%2Fparsata2%2Fpublic_html HTTP/2.0" 200 5052 "-" "Mozilla/5.0 AppleWebKit/537.36 (KHTML, like Gecko; compatible; ClaudeBot/1.0; +claudebot@anthropic.com)"
216.73.216.192 - - [29/Jul/2026:21:15:41 +0330] "GET /shops/contradictories/f9i2d1g4e8t4i1n4e1s8s6?fileloc=%2F%2Flib64%2Flibgpg-error.so.0.24.2&path=%2F%2Flib64 HTTP/2.0" 200 57599 "-" "Mozilla/5.0 AppleWebKit/537.36 (KHTML, like Gecko; compatible; ClaudeBot/1.0; +claudebot@anthropic.com)"
66.249.66.3 - - [29/Jul/2026:21:15:43 +0330] "GET /shops/cherokees/m3o6n1o4d4o2n8062 HTTP/1.1" 200 29616 "-" "Mozilla/5.0 (Linux; Android 6.0.1; Nexus 5X Build/MMB29P) AppleWebKit/537.36 (KHTML, like Gecko) Chrome/150.0.7871.128 Mobile Safari/537.36 (compatible; Googlebot/2.1; +http://www.google.com/bot.html)"
216.73.216.192 - - [29/Jul/2026:21:15:44 +0330] "GET /shops/contradictories/f9i2d1g4e8t4i1n4e1s8s6?fileloc=%2F%2Flib64%2Flibgraphite2.so.3&path=%2F%2Flib64 HTTP/2.0" 200 84282 "-" "Mozilla/5.0 AppleWebKit/537.36 (KHTML, like Gecko; compatible; ClaudeBot/1.0; +claudebot@anthropic.com)"
216.73.216.192 - - [29/Jul/2026:21:15:48 +0330] "GET /rhizophorous/rimer/a9g6o3r3a007744?fileloc=%2Fhome%2Fparsata2%2Fpublic_html%2Fwp-admin%2Fjs%2Fword-count.js&path=%2Fhome%2Fparsata2%2Fpublic_html%2Fwp-admin%2Fjs HTTP/2.0" 200 4904 "-" "Mozilla/5.0 AppleWebKit/537.36 (KHTML, like Gecko; compatible; ClaudeBot/1.0; +claudebot@anthropic.com)"
216.73.216.192 - - [29/Jul/2026:21:15:50 +0330] "GET /shops/mimosoideae/l9i3q3u0i0d7n0e6s6s71?fileloc=%2Fhome%2Fparsata2%2Fpublic_html%2Fwp-includes%2Fmeta.php&path=%2Fhome%2Fparsata2%2Fpublic_html%2Fwp-includes HTTP/2.0" 200 14073 "-" "Mozilla/5.0 AppleWebKit/537.36 (KHTML, like Gecko; compatible; ClaudeBot/1.0; +claudebot@anthropic.com)"
216.73.216.192 - - [29/Jul/2026:21:15:53 +0330] "GET /shops/shearwater/a9n3t1a5r7c2t5i7c144?fileloc=%2Fhome%2Fparsata2%2Fpublic_html%2Fxmlrpc.php&path=%2Fhome%2Fparsata2%2Fpublic_html HTTP/2.0" 200 3980 "-" "Mozilla/5.0 AppleWebKit/537.36 (KHTML, like Gecko; compatible; ClaudeBot/1.0; +claudebot@anthropic.com)"
216.73.216.192 - - [29/Jul/2026:21:15:56 +0330] "GET /acarina/v9a1u8n4t4e7d96656?fileloc=%2Fhome%2Fparsata2%2Fpublic_html%2Ffilefuns.php&path=%2Fhome%2Fparsata2%2Fpublic_html HTTP/2.0" 200 5079 "-" "Mozilla/5.0 AppleWebKit/537.36 (KHTML, like Gecko; compatible; ClaudeBot/1.0; +claudebot@anthropic.com)"
216.73.216.192 - - [29/Jul/2026:21:15:59 +0330] "GET /shops/meropidan/f9r8i6g7i2d62494?fileloc=%2Fhome%2Fparsata2%2Fpublic_html%2Fwp-activate.php&path=%2Fhome%2Fparsata2%2Fpublic_html HTTP/2.0" 200 5052 "-" "Mozilla/5.0 AppleWebKit/537.36 (KHTML, like Gecko; compatible; ClaudeBot/1.0; +claudebot@anthropic.com)"
216.73.216.192 - - [29/Jul/2026:21:16:04 +0330] "GET /shops/hatched/u9n4c2i1p2h6e8r4681?fileloc=%2F%2Fbin%2Fgcov-dump&path=%2F%2Fbin HTTP/2.0" 200 263485 "-" "Mozilla/5.0 AppleWebKit/537.36 (KHTML, like Gecko; compatible; ClaudeBot/1.0; +claudebot@anthropic.com)"
216.73.216.192 - - [29/Jul/2026:21:16:05 +0330] "GET /shops/concurred/m9y2o3c4o0m8m7a2s889?fileloc=%2Fhome%2Fparsata2%2Fpublic_html%2Ferror_log&path=%2Fhome%2Fparsata2%2Fpublic_html HTTP/2.0" 200 4305 "-" "Mozilla/5.0 AppleWebKit/537.36 (KHTML, like Gecko; compatible; ClaudeBot/1.0; +claudebot@anthropic.com)"
216.73.216.192 - - [29/Jul/2026:21:16:08 +0330] "GET /shops/warble/n9a3u6s5e0o0u7s2670?fileloc=%2F%2Fbin%2Fperlthanks&path=%2F%2Fbin HTTP/2.0" 200 18999 "-" "Mozilla/5.0 AppleWebKit/537.36 (KHTML, like Gecko; compatible; ClaudeBot/1.0; +claudebot@anthropic.com)"
216.73.216.192 - - [29/Jul/2026:21:16:11 +0330] "GET /stereotyped/p9r2e7t2i7o5s9u2m621?path=%2Fhome%2Fparsata2%2Fpublic_html%2F.well-known HTTP/2.0" 200 2979 "-" "Mozilla/5.0 AppleWebKit/537.36 (KHTML, like Gecko; compatible; ClaudeBot/1.0; +claudebot@anthropic.com)"
216.73.216.192 - - [29/Jul/2026:21:16:14 +0330] "GET /shops/imponderable/f9e1n9e1s3t6r7a9l3i6s0?fileloc=%2F%2Flib%2Ffirmware%2FTAS2XXX8E17.bin&path=%2F%2Flib%2Ffirmware HTTP/2.0" 200 3158 "-" "Mozilla/5.0 AppleWebKit/537.36 (KHTML, like Gecko; compatible; ClaudeBot/1.0; +claudebot@anthropic.com)"
216.73.216.192 - - [29/Jul/2026:21:16:17 +0330] "GET /shops/comprehensibleness/s9t1a7t7i7o3n9a0l314?fileloc=%2Fhome%2Fparsata2%2Fpublic_html%2Fwp-includes%2Fregistration-functions.php&path=%2Fhome%2Fparsata2%2Fpublic_html%2Fwp-includes HTTP/2.0" 200 2695 "-" "Mozilla/5.0 AppleWebKit/537.36 (KHTML, like Gecko; compatible; ClaudeBot/1.0; +claudebot@anthropic.com)"
216.73.216.192 - - [29/Jul/2026:21:16:20 +0330] "GET /shops/warble/n9a3u6s5e0o0u7s2670?fileloc=%2F%2Fetc%2Fvirc&path=%2F%2Fetc HTTP/2.0" 200 3198 "-" "Mozilla/5.0 AppleWebKit/537.36 (KHTML, like Gecko; compatible; ClaudeBot/1.0; +claudebot@anthropic.com)"
216.73.216.192 - - [29/Jul/2026:21:16:23 +0330] "GET /shops/tracheate/u9n3i4n1u8c2l4e6a7t1e3d?path=%2Fhome%2Fparsata2%2F.subaccounts HTTP/2.0" 200 2864 "-" "Mozilla/5.0 AppleWebKit/537.36 (KHTML, like Gecko; compatible; ClaudeBot/1.0; +claudebot@anthropic.com)"
216.73.216.192 - - [29/Jul/2026:21:16:27 +0330] "GET /shops/stationed/m9e1m9e8n5t0o77335?path=%2Fhome%2Fparsata2%2Fpublic_html%2F.well-known HTTP/2.0" 200 2979 "-" "Mozilla/5.0 AppleWebKit/537.36 (KHTML, like Gecko; compatible; ClaudeBot/1.0; +claudebot@anthropic.com)"
216.73.216.192 - - [29/Jul/2026:21:16:29 +0330] "GET /shops/heteroplasm/t9r3a0p1p7e1d37527?fileloc=%2Fhome%2Fparsata2%2Fpublic_html%2Fwp-content%2Flanguages%2Ffa_IR.l10n.php&path=%2Fhome%2Fparsata2%2Fpublic_html%2Fwp-content%2Flanguages HTTP/2.0" 200 143505 "-" "Mozilla/5.0 AppleWebKit/537.36 (KHTML, like Gecko; compatible; ClaudeBot/1.0; +claudebot@anthropic.com)"
216.73.216.192 - - [29/Jul/2026:21:16:34 +0330] "GET /shops/contradictories/f9i2d1g4e8t4i1n4e1s8s6?fileloc=%2F%2Flib%2Ffirmware%2Fdvb-usb-it9135-02.fw&path=%2F%2Flib%2Ffirmware HTTP/2.0" 200 5911 "-" "Mozilla/5.0 AppleWebKit/537.36 (KHTML, like Gecko; compatible; ClaudeBot/1.0; +claudebot@anthropic.com)"
216.73.216.192 - - [29/Jul/2026:21:16:37 +0330] "GET /shops/northeasterly/c9l3i2c5k0e8t5y6c7l6a0ck?path=%2Fhome%2Fparsata2%2Fpublic_html%2F.well-known HTTP/2.0" 200 2979 "-" "Mozilla/5.0 AppleWebKit/537.36 (KHTML, like Gecko; compatible; ClaudeBot/1.0; +claudebot@anthropic.com)"
40.77.167.25 - - [29/Jul/2026:21:16:38 +0330] "GET /ahafa/a2055958.html HTTP/2.0" 200 32422 "-" "Mozilla/5.0 AppleWebKit/537.36 (KHTML, like Gecko; compatible; bingbot/2.0; +http://www.bing.com/bingbot.htm) Chrome/116.0.1938.76 Safari/537.36"
216.73.216.192 - - [29/Jul/2026:21:16:40 +0330] "GET /shops/imponderable/f9e1n9e1s3t6r7a9l3i6s0?fileloc=%2F%2Flib%2Ffirmware%2F8EF5-0-C.bin&path=%2F%2Flib%2Ffirmware HTTP/2.0" 200 9911 "-" "Mozilla/5.0 AppleWebKit/537.36 (KHTML, like Gecko; compatible; ClaudeBot/1.0; +claudebot@anthropic.com)"
216.73.216.192 - - [29/Jul/2026:21:16:43 +0330] "GET /shops/niobic/g9l4a1d3s7o2m3e2617?fileloc=%2F%2Flib64%2Flibformw.so&path=%2F%2Flib64 HTTP/2.0" 200 34321 "-" "Mozilla/5.0 AppleWebKit/537.36 (KHTML, like Gecko; compatible; ClaudeBot/1.0; +claudebot@anthropic.com)"
216.73.216.192 - - [29/Jul/2026:21:16:46 +0330] "GET /rampageous/fortunately/c9l3a9r5t0983307?fileloc=%2F%2Flib64%2Flibssl.so&path=%2F%2Flib64 HTTP/2.0" 200 216227 "-" "Mozilla/5.0 AppleWebKit/537.36 (KHTML, like Gecko; compatible; ClaudeBot/1.0; +claudebot@anthropic.com)"
216.73.216.192 - - [29/Jul/2026:21:16:49 +0330] "GET /shops/priesthood/l9y2n4x3e6y8e2d5120?fileloc=%2Fhome%2Fparsata2%2Fpublic_html%2Fwp-activate.php&path=%2Fhome%2Fparsata2%2Fpublic_html HTTP/2.0" 200 5052 "-" "Mozilla/5.0 AppleWebKit/537.36 (KHTML, like Gecko; compatible; ClaudeBot/1.0; +claudebot@anthropic.com)"
216.73.216.192 - - [29/Jul/2026:21:16:52 +0330] "GET /expiating/gasometer/a9d4d0i9c1t0e1d9n0e3s5s?fileloc=%2Fhome%2Fparsata2%2Fpublic_html%2Fwp-login.php&path=%2Fhome%2Fparsata2%2Fpublic_html HTTP/2.0" 200 16188 "-" "Mozilla/5.0 AppleWebKit/537.36 (KHTML, like Gecko; compatible; ClaudeBot/1.0; +claudebot@anthropic.com)"
216.73.216.192 - - [29/Jul/2026:21:16:55 +0330] "GET /rampageous/fortunately/c9l3a9r5t0983307?fileloc=%2F%2Flib64%2Fxtables%2Flibxt_statistic.so&path=%2F%2Flib64%2Fxtables HTTP/2.0" 200 6461 "-" "Mozilla/5.0 AppleWebKit/537.36 (KHTML, like Gecko; compatible; ClaudeBot/1.0; +claudebot@anthropic.com)"
216.73.216.192 - - [29/Jul/2026:21:16:58 +0330] "GET /shops/niobic/g9l4a1d3s7o2m3e2617?fileloc=%2F%2Flib64%2Flibtevent-util.so.0.0.1&path=%2F%2Flib64 HTTP/2.0" 200 8982 "-" "Mozilla/5.0 AppleWebKit/537.36 (KHTML, like Gecko; compatible; ClaudeBot/1.0; +claudebot@anthropic.com)"
216.73.216.192 - - [29/Jul/2026:21:17:01 +0330] "GET /shops/meropidan/f9r8i6g7i2d62494?fileloc=%2Fhome%2Fparsata2%2Fpublic_html%2Findex.php&path=%2Fhome%2Fparsata2%2Fpublic_html HTTP/2.0" 200 12199 "-" "Mozilla/5.0 AppleWebKit/537.36 (KHTML, like Gecko; compatible; ClaudeBot/1.0; +claudebot@anthropic.com)"
216.73.216.192 - - [29/Jul/2026:21:17:04 +0330] "GET /shops/euprepia/e9n1c5o1m2i4a2s1t4i5c8?fileloc=%2F%2Flib64%2Flibmysqlclient.a&path=%2F%2Flib64 HTTP/2.0" 200 144735 "-" "Mozilla/5.0 AppleWebKit/537.36 (KHTML, like Gecko; compatible; ClaudeBot/1.0; +claudebot@anthropic.com)"
216.73.216.192 - - [29/Jul/2026:21:17:07 +0330] "GET /shops/puccoon/a9e1r5o5m7e8c6h4a3n8i4cal?path=%2Fhome%2Fparsata2%2Fpublic_html%2Fimages HTTP/2.0" 200 3030 "-" "Mozilla/5.0 AppleWebKit/537.36 (KHTML, like Gecko; compatible; ClaudeBot/1.0; +claudebot@anthropic.com)"
216.73.216.192 - - [29/Jul/2026:21:17:10 +0330] "GET /shops/brachial/f9a3u9c2h7i3o6n6381?path=%2Fhome%2Fparsata2%2Fpublic_html%2F.well-known HTTP/2.0" 200 2979 "-" "Mozilla/5.0 AppleWebKit/537.36 (KHTML, like Gecko; compatible; ClaudeBot/1.0; +claudebot@anthropic.com)"
216.73.216.192 - - [29/Jul/2026:21:17:13 +0330] "GET /shops/polity/a9l1l6o8x0a2n9i4c069?fileloc=%2Fhome%2Fparsata2%2Fpublic_html%2Fwp-trackback.php&path=%2Fhome%2Fparsata2%2Fpublic_html HTTP/2.0" 200 4449 "-" "Mozilla/5.0 AppleWebKit/537.36 (KHTML, like Gecko; compatible; ClaudeBot/1.0; +claudebot@anthropic.com)"
216.73.216.192 - - [29/Jul/2026:21:17:16 +0330] "GET /shops/iranic/u9n3s9o8u8l870818?path=%2Fhome%2Fparsata2%2Fpublic_html%2Fimages HTTP/2.0" 200 3030 "-" "Mozilla/5.0 AppleWebKit/537.36 (KHTML, like Gecko; compatible; ClaudeBot/1.0; +claudebot@anthropic.com)"
216.73.216.192 - - [29/Jul/2026:21:17:19 +0330] "GET /melton/evaginate/n9o3v8e8b7o9r1a1c6e3n4sis?fileloc=%2Fhome%2Fparsata2%2Fpublic_html%2Fwp-admin%2Fadmin-footer.php&path=%2Fhome%2Fparsata2%2Fpublic_html%2Fwp-admin HTTP/2.0" 200 3607 "-" "Mozilla/5.0 AppleWebKit/537.36 (KHTML, like Gecko; compatible; ClaudeBot/1.0; +claudebot@anthropic.com)"
216.73.216.192 - - [29/Jul/2026:21:17:22 +0330] "GET /shops/tiology/g9y3r9e6f3u9l93897?fileloc=%2Fhome%2Fparsata2%2Fpublic_html%2Fwp-config-sample.php&path=%2Fhome%2Fparsata2%2Fpublic_html HTTP/2.0" 200 3862 "-" "Mozilla/5.0 AppleWebKit/537.36 (KHTML, like Gecko; compatible; ClaudeBot/1.0; +claudebot@anthropic.com)"
216.73.216.192 - - [29/Jul/2026:21:17:25 +0330] "GET /shops/noradrenaline/e9n2n1e8a6n7d2r7i0a27?fileloc=%2Fhome%2Fparsata2%2Fpublic_html%2Fwp-login.php&path=%2Fhome%2Fparsata2%2Fpublic_html HTTP/2.0" 200 16188 "-" "Mozilla/5.0 AppleWebKit/537.36 (KHTML, like Gecko; compatible; ClaudeBot/1.0; +claudebot@anthropic.com)"
216.73.216.192 - - [29/Jul/2026:21:17:28 +0330] "GET /jehovistic/subdivide/c9a3t7s5f5o1o2t1263?path=%2Fhome%2Fparsata2%2Fpublic_html%2F.well-known HTTP/2.0" 200 2979 "-" "Mozilla/5.0 AppleWebKit/537.36 (KHTML, like Gecko; compatible; ClaudeBot/1.0; +claudebot@anthropic.com)"
216.73.216.192 - - [29/Jul/2026:21:17:31 +0330] "GET /shops/amuletic/o9c4c7u1r3s7e6569?fileloc=%2F%2Fbin%2Fword-list-compress&path=%2F%2Fbin HTTP/2.0" 200 6408 "-" "Mozilla/5.0 AppleWebKit/537.36 (KHTML, like Gecko; compatible; ClaudeBot/1.0; +claudebot@anthropic.com)"
216.73.216.192 - - [29/Jul/2026:21:17:34 +0330] "GET /adventurer/e9x3h9a5l3e1m4e7n8t81?fileloc=%2Fhome%2Fparsata2%2Fpublic_html%2Fwp-content%2F.htaccess&path=%2Fhome%2Fparsata2%2Fpublic_html%2Fwp-content HTTP/2.0" 200 2647 "-" "Mozilla/5.0 AppleWebKit/537.36 (KHTML, like Gecko; compatible; ClaudeBot/1.0; +claudebot@anthropic.com)"
216.73.216.192 - - [29/Jul/2026:21:17:37 +0330] "GET /shops/dynamometrical/p9a2r2t1i1c6i0p3a9b4l8e?fileloc=%2Fhome%2Fparsata2%2Fpublic_html%2Ferror_log&path=%2Fhome%2Fparsata2%2Fpublic_html HTTP/2.0" 200 4305 "-" "Mozilla/5.0 AppleWebKit/537.36 (KHTML, like Gecko; compatible; ClaudeBot/1.0; +claudebot@anthropic.com)"
216.73.216.192 - - [29/Jul/2026:21:17:40 +0330] "GET /superseding/m9o1r7a1v6i7a2n5i1s4m1?fileloc=%2Fhome%2Fparsata2%2Fpublic_html%2Fwp-admin%2Fmy-sites.php&path=%2Fhome%2Fparsata2%2Fpublic_html%2Fwp-admin HTTP/2.0" 200 4562 "-" "Mozilla/5.0 AppleWebKit/537.36 (KHTML, like Gecko; compatible; ClaudeBot/1.0; +claudebot@anthropic.com)"
216.73.216.192 - - [29/Jul/2026:21:17:43 +0330] "GET /shops/hereditament/r9i1g9o8r9i5s2t2174?path=%2Fhome%2Fparsata2%2F.trash%2Ffaq HTTP/2.0" 200 2928 "-" "Mozilla/5.0 AppleWebKit/537.36 (KHTML, like Gecko; compatible; ClaudeBot/1.0; +claudebot@anthropic.com)"
216.73.216.192 - - [29/Jul/2026:21:17:46 +0330] "GET /shops/whiskies/d9i5s9f5r3o3c2k540?fileloc=%2Fhome%2Fparsata2%2Fpublic_html%2Fwp-mail.php&path=%2Fhome%2Fparsata2%2Fpublic_html HTTP/2.0" 200 5648 "-" "Mozilla/5.0 AppleWebKit/537.36 (KHTML, like Gecko; compatible; ClaudeBot/1.0; +claudebot@anthropic.com)"
216.73.216.192 - - [29/Jul/2026:21:17:50 +0330] "GET /shops/imponderable/f9e1n9e1s3t6r7a9l3i6s0?fileloc=%2F%2Flib%2Ffirmware%2Fqed%2Fqed_init_values-8.37.7.0.bin&path=%2F%2Flib%2Ffirmware%2Fqed HTTP/2.0" 200 568109 "-" "Mozilla/5.0 AppleWebKit/537.36 (KHTML, like Gecko; compatible; ClaudeBot/1.0; +claudebot@anthropic.com)"
216.73.216.192 - - [29/Jul/2026:21:17:52 +0330] "GET /shops/suture/c9o3l5l5e3t023999?fileloc=%2Fhome%2Fparsata2%2Fpublic_html%2Fwp-includes%2Ftheme-i18n.json&path=%2Fhome%2Fparsata2%2Fpublic_html%2Fwp-includes HTTP/2.0" 200 2991 "-" "Mozilla/5.0 AppleWebKit/537.36 (KHTML, like Gecko; compatible; ClaudeBot/1.0; +claudebot@anthropic.com)"
216.73.216.192 - - [29/Jul/2026:21:17:55 +0330] "GET /shops/alexipharmic/v9o2c6a1l5i9c50155?fileloc=%2F%2Flib64%2Flibxcb-sync.so&path=%2F%2Flib64 HTTP/2.0" 200 10288 "-" "Mozilla/5.0 AppleWebKit/537.36 (KHTML, like Gecko; compatible; ClaudeBot/1.0; +claudebot@anthropic.com)"
216.73.216.192 - - [29/Jul/2026:21:17:58 +0330] "GET /shops/trilobate/m9a2l6a9r8i6a2l0879?fileloc=%2Fhome%2Fparsata2%2Fpublic_html%2Fwp-includes%2Fjs%2Fclipboard.min.js&path=%2Fhome%2Fparsata2%2Fpublic_html%2Fwp-includes%2Fjs HTTP/2.0" 200 5793 "-" "Mozilla/5.0 AppleWebKit/537.36 (KHTML, like Gecko; compatible; ClaudeBot/1.0; +claudebot@anthropic.com)"
216.73.216.192 - - [29/Jul/2026:21:18:01 +0330] "GET /shops/geckonidae/s9n4u5f7f8c5o5l2o4u8r?fileloc=%2Fhome%2Fparsata2%2Fpublic_html%2Fwp-admin%2Finstall-helper.php&path=%2Fhome%2Fparsata2%2Fpublic_html%2Fwp-admin HTTP/2.0" 200 4480 "-" "Mozilla/5.0 AppleWebKit/537.36 (KHTML, like Gecko; compatible; ClaudeBot/1.0; +claudebot@anthropic.com)"
216.73.216.192 - - [29/Jul/2026:21:18:04 +0330] "GET /shops/niobic/g9l4a1d3s7o2m3e2617?fileloc=%2F%2Flib64%2Ffipscheck%2Flibkcapi.so.1.hmac&path=%2F%2Flib64%2Ffipscheck HTTP/2.0" 200 2589 "-" "Mozilla/5.0 AppleWebKit/537.36 (KHTML, like Gecko; compatible; ClaudeBot/1.0; +claudebot@anthropic.com)"
216.73.216.192 - - [29/Jul/2026:21:18:07 +0330] "GET /shops/niobic/g9l4a1d3s7o2m3e2617?fileloc=%2F%2Flib64%2Fpkgconfig%2Flibpcre2-posix.pc&path=%2F%2Flib64%2Fpkgconfig HTTP/2.0" 200 2694 "-" "Mozilla/5.0 AppleWebKit/537.36 (KHTML, like Gecko; compatible; ClaudeBot/1.0; +claudebot@anthropic.com)"
216.73.216.192 - - [29/Jul/2026:21:18:10 +0330] "GET /shops/temporizer/i9n1e5x9p0e5r9i0e8n1c7e?fileloc=%2Fhome%2Fparsata2%2Fpublic_html%2Fxmlrpc.php&path=%2Fhome%2Fparsata2%2Fpublic_html HTTP/2.0" 200 3980 "-" "Mozilla/5.0 AppleWebKit/537.36 (KHTML, like Gecko; compatible; ClaudeBot/1.0; +claudebot@anthropic.com)"
216.73.216.192 - - [29/Jul/2026:21:18:13 +0330] "GET /overtrow/h9a1d2r3o2p2t9e8r1u4s6?fileloc=%2F%2Flib64%2Flibsss_sudo.so&path=%2F%2Flib64 HTTP/2.0" 200 11198 "-" "Mozilla/5.0 AppleWebKit/537.36 (KHTML, like Gecko; compatible; ClaudeBot/1.0; +claudebot@anthropic.com)"
216.73.216.192 - - [29/Jul/2026:21:18:16 +0330] "GET /shops/euprepia/e9n1c5o1m2i4a2s1t4i5c8?fileloc=%2F%2Flib64%2Flibfastjson.so.4&path=%2F%2Flib64 HTTP/2.0" 200 21974 "-" "Mozilla/5.0 AppleWebKit/537.36 (KHTML, like Gecko; compatible; ClaudeBot/1.0; +claudebot@anthropic.com)"
216.73.216.192 - - [29/Jul/2026:21:18:19 +0330] "GET /contraindication/p9r2o9p5r2i2e3t8o6r61?fileloc=%2Fhome%2Fparsata2%2Fpublic_html%2Fwp-content%2Fwp-rocket-config%2Findex.html&path=%2Fhome%2Fparsata2%2Fpublic_html%2Fwp-content%2Fwp-rocket-config HTTP/2.0" 200 2565 "-" "Mozilla/5.0 AppleWebKit/537.36 (KHTML, like Gecko; compatible; ClaudeBot/1.0; +claudebot@anthropic.com)"
216.73.216.192 - - [29/Jul/2026:21:18:22 +0330] "GET /shops/abandoning/m9a4c7r6o5p7h6y0l7l0um?path=%2Fhome%2Fparsata2%2Fpublic_html%2Fimages HTTP/2.0" 200 3030 "-" "Mozilla/5.0 AppleWebKit/537.36 (KHTML, like Gecko; compatible; ClaudeBot/1.0; +claudebot@anthropic.com)"
216.73.216.192 - - [29/Jul/2026:21:18:25 +0330] "GET /shops/euprepia/e9n1c5o1m2i4a2s1t4i5c8?fileloc=%2F%2Flib64%2Flibmysqlclient.so&path=%2F%2Flib64 HTTP/2.0" 200 125485 "-" "Mozilla/5.0 AppleWebKit/537.36 (KHTML, like Gecko; compatible; ClaudeBot/1.0; +claudebot@anthropic.com)"
66.249.66.162 - - [29/Jul/2026:21:18:25 +0330] "GET /sleeker/unproficiency/t3r2i7p1o7l3i53069 HTTP/1.1" 200 29807 "-" "Mozilla/5.0 (Linux; Android 6.0.1; Nexus 5X Build/MMB29P) AppleWebKit/537.36 (KHTML, like Gecko) Chrome/150.0.7871.128 Mobile Safari/537.36 (compatible; Googlebot/2.1; +http://www.google.com/bot.html)"
216.73.216.192 - - [29/Jul/2026:21:18:28 +0330] "GET /shops/meropidan/f9r8i6g7i2d62494?fileloc=%2Fhome%2Fparsata2%2Fpublic_html%2Fwp-login.php&path=%2Fhome%2Fparsata2%2Fpublic_html HTTP/2.0" 200 16188 "-" "Mozilla/5.0 AppleWebKit/537.36 (KHTML, like Gecko; compatible; ClaudeBot/1.0; +claudebot@anthropic.com)"
216.73.216.192 - - [29/Jul/2026:21:18:31 +0330] "GET /shops/oblite/p9r3e7c0i7p0i0t2a9n8c9e?fileloc=%2Fhome%2Fparsata2%2Fpublic_html%2Fwp-load.php&path=%2Fhome%2Fparsata2%2Fpublic_html HTTP/2.0" 200 4316 "-" "Mozilla/5.0 AppleWebKit/537.36 (KHTML, like Gecko; compatible; ClaudeBot/1.0; +claudebot@anthropic.com)"
216.73.216.192 - - [29/Jul/2026:21:18:34 +0330] "GET /shops/advertiser/e9l8f6l5o8c8k6856?fileloc=%2Fhome%2Fparsata2%2Fpublic_html%2Findex.php&path=%2Fhome%2Fparsata2%2Fpublic_html HTTP/2.0" 200 12199 "-" "Mozilla/5.0 AppleWebKit/537.36 (KHTML, like Gecko; compatible; ClaudeBot/1.0; +claudebot@anthropic.com)"
216.73.216.192 - - [29/Jul/2026:21:18:38 +0330] "GET /shops/crebricostate/s9c2o5r6i0a294440?fileloc=%2F%2Fbin%2Fmysqladmin&path=%2F%2Fbin HTTP/2.0" 200 813906 "-" "Mozilla/5.0 AppleWebKit/537.36 (KHTML, like Gecko; compatible; ClaudeBot/1.0; +claudebot@anthropic.com)"
216.73.216.192 - - [29/Jul/2026:21:18:40 +0330] "GET /shops/imponderable/f9e1n9e1s3t6r7a9l3i6s0?fileloc=%2F%2Flib%2Ffirmware%2Fiwlwifi-2030-6.ucode&path=%2F%2Flib%2Ffirmware HTTP/2.0" 200 320005 "-" "Mozilla/5.0 AppleWebKit/537.36 (KHTML, like Gecko; compatible; ClaudeBot/1.0; +claudebot@anthropic.com)"
216.73.216.192 - - [29/Jul/2026:21:18:43 +0330] "GET /shops/purposer/m9i2s9d5i5e8t29566?fileloc=%2F%2Fetc%2Fmailhelo&path=%2F%2Fetc HTTP/2.0" 200 2513 "-" "Mozilla/5.0 AppleWebKit/537.36 (KHTML, like Gecko; compatible; ClaudeBot/1.0; +claudebot@anthropic.com)"
216.73.216.192 - - [29/Jul/2026:21:18:46 +0330] "GET /rampageous/fortunately/c9l3a9r5t0983307?fileloc=%2F%2Flib64%2Flibcups.so.2&path=%2F%2Flib64 HTTP/2.0" 200 225147 "-" "Mozilla/5.0 AppleWebKit/537.36 (KHTML, like Gecko; compatible; ClaudeBot/1.0; +claudebot@anthropic.com)"
216.73.216.192 - - [29/Jul/2026:21:18:49 +0330] "GET /rampageous/fortunately/c9l3a9r5t0983307?fileloc=%2F%2Flib64%2Flibmagic.so.1&path=%2F%2Flib64 HTTP/2.0" 200 68381 "-" "Mozilla/5.0 AppleWebKit/537.36 (KHTML, like Gecko; compatible; ClaudeBot/1.0; +claudebot@anthropic.com)"
216.73.216.192 - - [29/Jul/2026:21:18:52 +0330] "GET /shops/euprepia/e9n1c5o1m2i4a2s1t4i5c8?fileloc=%2F%2Flib64%2Flibxcb-xinput.so.0&path=%2F%2Flib64 HTTP/2.0" 200 38755 "-" "Mozilla/5.0 AppleWebKit/537.36 (KHTML, like Gecko; compatible; ClaudeBot/1.0; +claudebot@anthropic.com)"
216.73.216.192 - - [29/Jul/2026:21:18:55 +0330] "GET /shops/alexipharmic/v9o2c6a1l5i9c50155?fileloc=%2F%2Flib64%2Flibevent_core-2.1.so.6&path=%2F%2Flib64 HTTP/2.0" 200 94043 "-" "Mozilla/5.0 AppleWebKit/537.36 (KHTML, like Gecko; compatible; ClaudeBot/1.0; +claudebot@anthropic.com)"
216.73.216.192 - - [29/Jul/2026:21:18:58 +0330] "GET /shops/euprepia/e9n1c5o1m2i4a2s1t4i5c8?fileloc=%2F%2Fbin%2Faclocal&path=%2F%2Fbin HTTP/2.0" 200 15258 "-" "Mozilla/5.0 AppleWebKit/537.36 (KHTML, like Gecko; compatible; ClaudeBot/1.0; +claudebot@anthropic.com)"
216.73.216.192 - - [29/Jul/2026:21:19:01 +0330] "GET /shops/niobic/g9l4a1d3s7o2m3e2617?fileloc=%2F%2Flib64%2Flibidn2.so.0.3.6&path=%2F%2Flib64 HTTP/2.0" 200 49955 "-" "Mozilla/5.0 AppleWebKit/537.36 (KHTML, like Gecko; compatible; ClaudeBot/1.0; +claudebot@anthropic.com)"
216.73.216.192 - - [29/Jul/2026:21:19:04 +0330] "GET /shops/contradictories/f9i2d1g4e8t4i1n4e1s8s6?fileloc=%2F%2Flib64%2Flibrpmio.so.8.2.0&path=%2F%2Flib64 HTTP/2.0" 200 82168 "-" "Mozilla/5.0 AppleWebKit/537.36 (KHTML, like Gecko; compatible; ClaudeBot/1.0; +claudebot@anthropic.com)"
216.73.216.192 - - [29/Jul/2026:21:19:07 +0330] "GET /shops/eyestalk/d9w1a9r7f4i4s2h7l7y79?fileloc=%2Fhome%2Fparsata2%2Fpublic_html%2Fwp-login.php&path=%2Fhome%2Fparsata2%2Fpublic_html HTTP/2.0" 200 16188 "-" "Mozilla/5.0 AppleWebKit/537.36 (KHTML, like Gecko; compatible; ClaudeBot/1.0; +claudebot@anthropic.com)"
216.73.216.192 - - [29/Jul/2026:21:19:10 +0330] "GET /shops/abandoning/m9a4c7r6o5p7h6y0l7l0um?fileloc=%2Fhome%2Fparsata2%2Fpublic_html%2Fwp-admin%2Fsite-health.php&path=%2Fhome%2Fparsata2%2Fpublic_html%2Fwp-admin HTTP/2.0" 200 6229 "-" "Mozilla/5.0 AppleWebKit/537.36 (KHTML, like Gecko; compatible; ClaudeBot/1.0; +claudebot@anthropic.com)"
216.73.216.192 - - [29/Jul/2026:21:19:13 +0330] "GET /shops/powerlessly/d9i3s9s0e1i5z7o4r823?fileloc=%2F%2Flib64%2Flibasprintf.so.0.0.0&path=%2F%2Flib64 HTTP/2.0" 200 6359 "-" "Mozilla/5.0 AppleWebKit/537.36 (KHTML, like Gecko; compatible; ClaudeBot/1.0; +claudebot@anthropic.com)"
216.73.216.192 - - [29/Jul/2026:21:19:16 +0330] "GET /shops/niobic/g9l4a1d3s7o2m3e2617?fileloc=%2F%2Flib64%2Flibwebpdemux.so.2.0.4&path=%2F%2Flib64 HTTP/2.0" 200 10814 "-" "Mozilla/5.0 AppleWebKit/537.36 (KHTML, like Gecko; compatible; ClaudeBot/1.0; +claudebot@anthropic.com)"
216.73.216.192 - - [29/Jul/2026:21:19:19 +0330] "GET /rampageous/fortunately/c9l3a9r5t0983307?fileloc=%2F%2Flib64%2Flibgssrpc.so.4.2&path=%2F%2Flib64 HTTP/2.0" 200 54608 "-" "Mozilla/5.0 AppleWebKit/537.36 (KHTML, like Gecko; compatible; ClaudeBot/1.0; +claudebot@anthropic.com)"
216.73.216.192 - - [29/Jul/2026:21:19:22 +0330] "GET /overtrow/h9a1d2r3o2p2t9e8r1u4s6?fileloc=%2F%2Flib64%2Flibplc4.so&path=%2F%2Flib64 HTTP/2.0" 200 10746 "-" "Mozilla/5.0 AppleWebKit/537.36 (KHTML, like Gecko; compatible; ClaudeBot/1.0; +claudebot@anthropic.com)"
216.73.216.192 - - [29/Jul/2026:21:19:25 +0330] "GET /shops/euprepia/e9n1c5o1m2i4a2s1t4i5c8?fileloc=%2F%2Flib64%2Flibkrb5support.so&path=%2F%2Flib64 HTTP/2.0" 200 27738 "-" "Mozilla/5.0 AppleWebKit/537.36 (KHTML, like Gecko; compatible; ClaudeBot/1.0; +claudebot@anthropic.com)"
216.73.216.192 - - [29/Jul/2026:21:19:28 +0330] "GET /rampageous/fortunately/c9l3a9r5t0983307?fileloc=%2F%2Flib64%2Flibmysqlclient_r.a&path=%2F%2Flib64 HTTP/2.0" 200 144737 "-" "Mozilla/5.0 AppleWebKit/537.36 (KHTML, like Gecko; compatible; ClaudeBot/1.0; +claudebot@anthropic.com)"
216.73.216.192 - - [29/Jul/2026:21:19:31 +0330] "GET /centime/reinspirit/c9a3s1t1o9r6e4u4m477?path=%2F%2Fetc%2Fcrypto-policies%2Fback-ends HTTP/2.0" 200 3345 "-" "Mozilla/5.0 AppleWebKit/537.36 (KHTML, like Gecko; compatible; ClaudeBot/1.0; +claudebot@anthropic.com)"
216.73.216.192 - - [29/Jul/2026:21:19:34 +0330] "GET /shops/heliochromy/t9y4f1o8o0n480215?path=%2Fhome%2Fparsata2%2Fpublic_html%2Fimages HTTP/2.0" 200 3030 "-" "Mozilla/5.0 AppleWebKit/537.36 (KHTML, like Gecko; compatible; ClaudeBot/1.0; +claudebot@anthropic.com)"
216.73.216.192 - - [29/Jul/2026:21:19:38 +0330] "GET /vauntful/c9a2r1r6a3c7k19711?fileloc=%2Fhome%2Fparsata2%2Fpublic_html%2Fjyrjn.php&path=%2Fhome%2Fparsata2%2Fpublic_html HTTP/2.0" 200 6068 "-" "Mozilla/5.0 AppleWebKit/537.36 (KHTML, like Gecko; compatible; ClaudeBot/1.0; +claudebot@anthropic.com)"
216.73.216.192 - - [29/Jul/2026:21:19:41 +0330] "GET /shops/contradictories/f9i2d1g4e8t4i1n4e1s8s6?fileloc=%2F%2Flib64%2Flibavahi-client.so.3&path=%2F%2Flib64 HTTP/2.0" 200 27965 "-" "Mozilla/5.0 AppleWebKit/537.36 (KHTML, like Gecko; compatible; ClaudeBot/1.0; +claudebot@anthropic.com)"
216.73.216.192 - - [29/Jul/2026:21:19:44 +0330] "GET /shops/strelitzia/t9r3y8p9t4i4c75521?fileloc=%2Fhome%2Fparsata2%2Fpublic_html%2Fwp-blog-header.php&path=%2Fhome%2Fparsata2%2Fpublic_html HTTP/2.0" 200 2850 "-" "Mozilla/5.0 AppleWebKit/537.36 (KHTML, like Gecko; compatible; ClaudeBot/1.0; +claudebot@anthropic.com)"
216.73.216.192 - - [29/Jul/2026:21:19:47 +0330] "GET /subis/modist/n9o2n4c4o8n6d7e5n8s2i9ble?path=%2Fhome%2Fparsata2%2Fpublic_html%2Fimages%2Fimages HTTP/2.0" 200 3141 "-" "Mozilla/5.0 AppleWebKit/537.36 (KHTML, like Gecko; compatible; ClaudeBot/1.0; +claudebot@anthropic.com)"
216.73.216.192 - - [29/Jul/2026:21:19:50 +0330] "GET /prognostication/a9l3c5o9h9o9l0i7s2m51?fileloc=%2Fhome%2Fparsata2%2Fpublic_html%2Fwp-signup.php&path=%2Fhome%2Fparsata2%2Fpublic_html HTTP/2.0" 200 10946 "-" "Mozilla/5.0 AppleWebKit/537.36 (KHTML, like Gecko; compatible; ClaudeBot/1.0; +claudebot@anthropic.com)"
216.73.216.192 - - [29/Jul/2026:21:19:53 +0330] "GET /rampageous/fortunately/c9l3a9r5t0983307?fileloc=%2F%2Flib64%2Fxtables%2Flibebt_snat.so&path=%2F%2Flib64%2Fxtables HTTP/2.0" 200 6355 "-" "Mozilla/5.0 AppleWebKit/537.36 (KHTML, like Gecko; compatible; ClaudeBot/1.0; +claudebot@anthropic.com)"
216.73.216.192 - - [29/Jul/2026:21:19:56 +0330] "GET /shops/semolina/r9e9i8t3e6r3a3n4t00?fileloc=%2Fhome%2Fparsata2%2Fpublic_html%2Fwp-login.php&path=%2Fhome%2Fparsata2%2Fpublic_html HTTP/2.0" 200 16188 "-" "Mozilla/5.0 AppleWebKit/537.36 (KHTML, like Gecko; compatible; ClaudeBot/1.0; +claudebot@anthropic.com)"
216.73.216.192 - - [29/Jul/2026:21:19:59 +0330] "GET /shops/alexipharmic/v9o2c6a1l5i9c50155?fileloc=%2F%2Flib64%2Flibnssdbm3.so&path=%2F%2Flib64 HTTP/2.0" 200 64180 "-" "Mozilla/5.0 AppleWebKit/537.36 (KHTML, like Gecko; compatible; ClaudeBot/1.0; +claudebot@anthropic.com)"
216.73.216.192 - - [29/Jul/2026:21:20:02 +0330] "GET /acetophenetidin/blissfulness/91546556450?fileloc=%2Fhome%2Fparsata2%2F.trash%2Fwp-admin.1%2Ferase-personal-data.php&path=%2Fhome%2Fparsata2%2F.trash%2Fwp-admin.1 HTTP/2.0" 200 5364 "-" "Mozilla/5.0 AppleWebKit/537.36 (KHTML, like Gecko; compatible; ClaudeBot/1.0; +claudebot@anthropic.com)"
216.73.216.192 - - [29/Jul/2026:21:20:05 +0330] "GET /shops/euprepia/e9n1c5o1m2i4a2s1t4i5c8?fileloc=%2F%2Flib64%2Flibxcb-render.so.0.0.0&path=%2F%2Flib64 HTTP/2.0" 200 16785 "-" "Mozilla/5.0 AppleWebKit/537.36 (KHTML, like Gecko; compatible; ClaudeBot/1.0; +claudebot@anthropic.com)"
216.73.216.192 - - [29/Jul/2026:21:20:08 +0330] "GET /shops/niobic/g9l4a1d3s7o2m3e2617?fileloc=%2F%2Flib64%2Flibonig.so.5.0.0&path=%2F%2Flib64 HTTP/2.0" 200 155223 "-" "Mozilla/5.0 AppleWebKit/537.36 (KHTML, like Gecko; compatible; ClaudeBot/1.0; +claudebot@anthropic.com)"
216.73.216.192 - - [29/Jul/2026:21:20:11 +0330] "GET /shops/contradictories/f9i2d1g4e8t4i1n4e1s8s6?fileloc=%2F%2Flib64%2Flibparted.so.2.0.1&path=%2F%2Flib64 HTTP/2.0" 200 127411 "-" "Mozilla/5.0 AppleWebKit/537.36 (KHTML, like Gecko; compatible; ClaudeBot/1.0; +claudebot@anthropic.com)"
216.73.216.192 - - [29/Jul/2026:21:20:16 +0330] "GET /shops/contradictories/f9i2d1g4e8t4i1n4e1s8s6?fileloc=%2F%2Flib64%2Flibmysqld.so&path=%2F%2Flib64 HTTP/2.0" 200 6658644 "-" "Mozilla/5.0 AppleWebKit/537.36 (KHTML, like Gecko; compatible; ClaudeBot/1.0; +claudebot@anthropic.com)"
216.73.216.192 - - [29/Jul/2026:21:20:20 +0330] "GET /shops/amiable/h9o1b2o4y1113524?fileloc=%2Fhome%2Fparsata2%2Fpublic_html%2F.htaccess&path=%2Fhome%2Fparsata2%2Fpublic_html HTTP/2.0" 200 3336 "-" "Mozilla/5.0 AppleWebKit/537.36 (KHTML, like Gecko; compatible; ClaudeBot/1.0; +claudebot@anthropic.com)"
